 = -4*c - 854. Let q = c + 19. What is the tens digit of q?
4
Suppose c = 2*l - 25, -4*l - 4*c - c + 57 = 0. Suppose -1390 = l*i - 15*i. What is the units digit of i?
5
Let b = 542 + -539. What is the tens digit of 530/6 + b/(-9)?
8
Let y(r) = -3*r + 22. Let d be y(5). Let l(x) = 3*x**3 - 7*x**2 + 6*x - 24. What is the hundreds digit of l(d)?
7
Suppose 0 = -4*f + 5*f + 5*s, 5*f - 2*s - 27 = 0. Suppose -f*d + 5*x - 23 = 2*x, 0 = 2*d + x + 7. What is the tens digit of -1 + 188 + (-4 - -3)*d?
9
Suppose -56 = -6*w + 34. What is the units digit of (3209 - w)/(10/5)?
7
Suppose 37*i - 2*i - 11*i = 171984. What is the units digit of i?
6
Let d = 268 - 140. What is the hundreds digit of d?
1
Let l be (-152)/12 - (-4)/6. Let t be (-20)/l*6/4*2. Suppose -3*p = a - 0*a - 138, t*p = -4*a + 552. What is the units digit of a?
8
Suppose p - 1654 = 4*a + 776, 4848 = 2*p - 2*a. What is the units digit of p?
2
Let o(u) = 15*u**2 - 10*u + 20. Let j be o(3). Suppose 0 = -l + j - 66. What is the tens digit of l?
5
Suppose -d = -4*d + 12. Suppose -3685 = -5*s - 5*w, 112*w = 3*s + 116*w - 2210. Suppose d*r + 66 = s. What is the tens digit of r?
6
Suppose -275*u + 391*u - 3152300 = 0. What is the thousands digit of u?
7
Suppose -1 = -5*v - 5*f + 9, 0 = 5*v + 2*f - 4. What is the tens digit of (27/54)/((-3)/(-1098) - v)?
8
Let p be (0 + (-10)/4)/((-97)/(-194)). Let r be 48/(-20)*p/2. Suppose -355 = -r*n + 101. What is the units digit of n?
6
Let r = -10663 + 19878. What is the hundreds digit of r?
2
Let r(o) = -o**3 + 13*o**2 - 13*o + 22. Let y be 8 - -2 - (-2)/1. Let m be r(y). What is the tens digit of 2982/35 + (-2)/m?
8
Let i be (-2)/17 - 651834/(-459). Suppose -312*m + 317*m = i. What is the hundreds digit of m?
2
Suppose 3*m - 11973 = 47914 - 6703. What is the hundreds digit of m?
7
Suppose 11*q - 102241 - 216753 - 40079 = 0. What is the ten thousands digit of q?
3
Let a(o) be the first derivative of 5 + 25 - 10 + o**3 - 2*o - 16*o**4. What is the tens digit of a(-1)?
6
Suppose -a = a - 10. Suppose 5*l + 0*o + 146 = -2*o, -a*l + 5*o = 160. What is the units digit of (9/(-2))/(3/l*1)?
5
What is the hundreds digit of ((-350)/(-20) + -16)/(1/3448)?
1
Let l(v) = 55 - v**2 - 12766*v + 12766*v. What is the tens digit of l(0)?
5
Suppose -3*k = 650 - 554. What is the units digit of (-2)/k + (-457215)/(-528)?
6
Suppose 0 = 4*z - 2*x + 28, -5*z - 4*x + 11 = 33. Let q(t) = -t**3 - 5*t**2 + 9*t + 14. Let p be q(z). What is the units digit of (-4)/(p/21) - 2?
9
Let o = 76 - -237. Let c = o + -125. What is the hundreds digit of c + 8/3 + 5/15?
1
Let v(h) = 362*h + 1992. What is the ten thousands digit of v(39)?
1
Let g(h) = -8*h**3 + 4*h**3 + 85*h - 8*h**2 - 94*h - 2. Let y be g(-4). Let w = 72 + y. What is the units digit of w?
4
Suppose 9*h - 8*h - 5096 = -4*o, 0 = -3*h + o + 15314. What is the units digit of h?
4
Let d be ((-8)/(-6))/((-2)/216). Let v = d - -195. What is the tens digit of v?
5
Suppose 2*i = 3*m + 73618, 5*i - m - 147196 = i. What is the ten thousands digit of i?
3
Suppose -5*i = -3*i + y - 158, -4*i + y = -328. What is the hundreds digit of i/(-8 - -17) - -1651?
6
Let x be ((-2)/(-9))/2 + 264/54. Suppose 0 = -5*l - 15, -4*a + 87 + 694 = x*l. What is the tens digit of a?
9
Let u(o) = -18*o**3 - o**2 + 3. Let v be u(2). Let i = 101 + v. Let r = -36 - i. What is the units digit of r?
8
Let r(i) = -i**3 + 50*i**2 - 35*i + 126. What is the ten thousands digit of r(22)?
1
Let y = 66 + -61. Suppose -n - 3*o = -477, -y*n = o - 2155 - 286. What is the tens digit of n?
8
Let p(n) = -2*n**3 - 4*n**2 - n + 2. Let z be p(-2). Suppose -517 = -z*w + 3*w. Suppose 3*x - 5*y - w = 0, -2*x + 855 = 3*x - 5*y. What is the units digit of x?
9
What is the units digit of 392172/20 + 308/20 + -16?
8
Let a = 61 - 58. Suppose 7*y + 12 = a*y - 2*v, -5*y = 4*v + 18. What is the tens digit of ((132/(-8))/(-1))/((-1)/y)?
3
Suppose 5*h - 98 = -2*h. Suppose h*y = 16*y - 8. Suppose -2*b + 2 = -y*b, 0 = x - b - 143. What is the units digit of x?
2
Let t = -725 - -730. Let o(g) = g**3 + 2*g**2 + 12*g - 112. What is the units digit of o(t)?
3
Suppose 777 = 5*i - w, 0*w = -4*w + 12. Suppose 393 = -4*l + 21. Let x = l + i. What is the units digit of x?
3
Suppose 6*m - 95358 = 2*m + 2*o, m - 23862 = 5*o. What is the ten thousands digit of m?
2
Let r(g) = 3*g**2 + 9*g - 10. Let k = -87 - -81. What is the tens digit of r(k)?
4
Let d(n) = 17*n**3 - n**2 + 18*n - 55. Let s be d(3). Suppose s*f = 442*f + 1337. What is the units digit of f?
1
Let z(p) = p**3 + 9*p**2 - 3*p - 17. Let b be z(-9). Suppose 2*j - b = 0, -s = -3*j + j - 449. What is the tens digit of s?
5
Let t be 1/(-4*1/(-32)). Suppose 0 = t*r - 5944 - 2560. What is the units digit of r?
3
What is the tens digit of 9/(-2)*2168200/(-1758)?
5
Let o(t) = 108*t**2 - 154*t + 29. What is the units digit of o(12)?
3
Suppose -l - 14 = -13. Let z(u) be the third derivative of -151*u**4/24 + u**3/2 + 2*u**2. What is the tens digit of z(l)?
5
Let s(l) = 187*l - 83. Let r be s(6). Let m = r - 672. What is the units digit of m?
7
What is the units digit of ((-1919)/12 + 3/18)*5208/(-63)?
6
Let p = -3045 + -1926. Let n = -3216 - p. What is the tens digit of n?
5
Let f(a) = 395*a**2 - 108*a - 1171. What is the units digit of f(-11)?
2
Let x(w) = 233*w**2 - 55*w + 264. What is the tens digit of x(6)?
2
Suppose 5540 = 2*l - 2*x - 1122, -5*l + 16658 = -2*x. What is the hundreds digit of l?
3
Let n be (-3 - 20/2)/((-9)/(-9)). Let j(i) = -98*i - 26. What is the units digit of j(n)?
8
Let m(k) be the second derivative of -k**5/20 - 3*k**4/4 + k**3/3 + 9*k**2 + 16*k. Let d be m(-9). Suppose 2*u + 2*u - 488 = d. What is the tens digit of u?
2
Suppose 835 = -3*r - 326. Let w = -180 - r. What is the tens digit of w?
0
Suppose 6*q - 11*q + 18510 = 0. Suppose -15*n = -q - 3333. What is the units digit of n?
9
What is the ten thousands digit of (-13)/(14/(-29708)*2)?
1
Suppose -180433 - 205025 = -128*y + 158286. What is the tens digit of y?
4
Suppose 4*m = -d + 51, -5 + 7 = -2*m. Let t = d + -53. Suppose -t*h + 5*c = 33 - 307, 4*h = 3*c + 576. What is the hundreds digit of h?
1
Let k be (-2)/5*(7 + 3). Let w be 1/((-2)/(24 - k)). Let o = w + 23. What is the units digit of o?
9
Let z = 491 + -491. What is the hundreds digit of (444 - z)*(-8 + 66/6)?
3
Let l be 17820/105 - (-4)/14. Suppose 0 = -44*w + 46*w - l. What is the tens digit of w?
8
Let f(c) = 11*c**2 + c + 2. Let j be f(-1). Suppose -i + j + 33 = 0. Suppose -m - 5*u + 38 = -i, 2*m - 159 = -3*u. What is the tens digit of m?
7
Let c(w) = 50*w**2 + 226*w - 1. What is the tens digit of c(-11)?
6
What is the tens digit of (-24658)/(-5) + 49/(2940/24)?
3
Let u(t) = t**3 + 11*t**2 - 13*t - 9. Suppose 5*v = -c - 11, -4*c + 11 = -5*c + v. What is the tens digit of u(c)?
3
Suppose 0 = 51*r - 29*r - 22. Let j = -5 - -5. What is the units digit of (-1 - j)/(r*(-1)/5)?
5
Let u(x) = -2*x + 17 - 3*x**2 - x**3 - 51 - 18. What is the hundreds digit of u(-7)?
1
Let p(m) = -26*m**3 + 4*m**2 - 4*m + 13. Let g be p(3). Let v = -426 - g. What is the hundreds digit of v?
2
Let g = -1416 + 3125. What is the units digit of g?
9
Suppose 222*x - 30402 = 204*x. Suppose 7*p - 4520 - x = 0. What is the units digit of p?
7
Suppose 86 = 45*x - 44*x. What is the hundreds digit of ((-174)/4)/((-3)/x)?
2
Let i be (12/(-18) + (-1)/3)*-2. Let j(u) = -12*u**i - u + 60*u**2 - 3 - u + 2. What is the units digit of j(-1)?
9
Suppose -l + 27 = -98. Let u = 3660 - 3656. Suppose 4*s = -5*z + 338 - l, 0 = s + u*z - 56. What is the units digit of s?
2
What is the tens digit of (-8656064)/(-3798)*(1 + 8)?
1
Suppose -10*n + 6824 = -5356. Let t = n - 695. What is the tens digit of t?
2
Suppose -23*y = -21*y + 2. Let x be 4*(4/y + -3). Let a = 128 + x. What is the tens digit of a?
0
What is the tens digit of 37121 - -38 - 12/2?
5
Let p(n) = 6*n**2 + 7*n + 6. Suppose 0 = 10*a - 9*a - 5. Let g be (-468)/90 + 1/a. What is the tens digit of p(g)?
2
Let s(k) = -k**2 + 11*k + 29. Let v be 268/7 + 4 + 4/(-14). Let c = v - 31. What is the units digit of s(c)?
9
Let p(i) = 21*i**2 - i. Let g be p(1). Let v be (g/15)/(4/6). Suppose -435 = -4*c - z, 208 = v*c + 2*z - 2. What is the tens digit of c?
1
Let r = 72 + -66. Suppose -9*a + 603 = -r*a. Suppose 0 = 34*t - 3